-11*i + 5. Calculate the remainder when 43 is divided by h(o).
11
Let s(c) = -4*c**2 - c + 2. Let t be 1/2 - 6/(-4). Let y be s(t). Let i = 67 + y. What is the remainder when i is divided by 18?
15
Let t(z) = -z**3 + 10*z**2 + 5*z + 1. Suppose -297*b + 494 = -278*b. What is the remainder when t(9) is divided by b?
23
Let f(j) = 2*j**2 + 34*j + 62. Let i be f(-21). Let d = -351 + i. Let t = -48 - d. Calculate the remainder when t is divided by 7.
3
Let x(p) = -p**2 - 6*p - 4. Let n(s) = 2*s**3 + 9*s**2 - 6*s + 3. Let i be n(-6). Calculate the remainder when 6/12 - i/6 is divided by x(-3).
2
Let x(t) = 43*t**2 - 5*t + 68. What is the remainder when x(4) is divided by 108?
88
Let z = -23 - -44. Let n(t) = -t**3 + 5*t**2 + 4*t - 9. Calculate the remainder when z is divided by n(5).
10
Suppose 4*u = 4*g - 3376, -21*g + 3355 = -17*g - 7*u. What is the remainder when g is divided by 842?
9
Let l(x) = -2*x**3 - 7*x**2 + 3*x - 7. Suppose 8832 = 377*k - 970. What is the remainder when l(-6) is divided by k?
25
Suppose 87*u + 1 = 86*u, r - 5*u - 27 = 0. Calculate the remainder when r is divided by 8.
6
Let j(v) = 2*v**3 + 196*v**2 - 408*v - 1. What is the remainder when j(-100) is divided by 74?
59
Let y(u) = -197*u + 4640. Calculate the remainder when 401 is divided by y(23).
74
Let j = 15720 - 15577. Calculate the remainder when j is divided by 128.
15
Let c(b) = b**2 - 16*b + 5. Let x be c(15). Let r(t) = 3*t + 122. What is the remainder when r(x) is divided by 12?
8
Let o = 1358 + -506. Let i = -836 + o. Suppose -5*l + 166 = -4*z, 2*l - 41 = 5*z + 39. Calculate the remainder when l is divided by i.
14
Calculate the remainder when 517 is divided by (12 + 2 + -6)*8/(32/53).
93
Suppose 18*r - 17*r + 12 = 0. What is the remainder when -4 + 175/40 + (-1674)/(-16) is divided by (27/(-2))/(r/24)?
24
Let a = 4517 - 4339. Calculate the remainder when a is divided by 6.
4
Suppose 45*h + 120*h = 74714 + 28411. What is the remainder when h is divided by 39?
1
Let p(l) = l**3 - 2*l**2 - 3*l + 1. Let v be p(3). Let c be (v + 1)/(-5 + 4). What is the remainder when 88 is divided by ((-1)/c)/((-11)/(-396))?
16
Let f(y) = -y**2 + 10*y + 87. Let z = 7 + -3. Suppose z*l = 31 + 21. Calculate the remainder when f(0) is divided by l.
9
Let g(u) = -15*u + 34. Let i be g(-32). Suppose 0 = 17*d - i + 157. Calculate the remainder when 83 is divided by d.
20
Let b = -3395 + 4977. Calculate the remainder when b is divided by 8.
6
Suppose -2 = 5*v - 47. What is the remainder when (-15)/(-6)*(-448)/(-80) is divided by v?
5
Let t(n) = 33*n + 1062. Calculate the remainder when 108 is divided by t(-31).
30
Let w be -1*(-1)/2 - 1722/(-84). What is the remainder when ((-1414)/w)/(12/(-18)) is divided by 26?
23
Suppose -41*h + 122098 = 120499. Let c be (-3)/(-2 + 10/8). Suppose -i = 3*i + 4*n - 20, c*i = -n + 23. What is the remainder when h is divided by i?
3
Suppose 2*z = 2*j - 1468, 116*j + 740 = 117*j - 4*z. Calculate the remainder when j is divided by 230.
42
Suppose 0 = -o - 1, 5*b - 5*o + 14 = 129. Let l(z) = 6*z**2 - 46*z + 13. Calculate the remainder when l(9) is divided by b.
19
Calculate the remainder when -237*((-15)/30 + (-4)/8) is divided by 13.
3
Let q be (-8 - 1) + 5460/2. What is the remainder when (-5)/(-45)*2 - q/(-27) is divided by 34?
33
Suppose -2*p + 106 = -2*m - 466, -5*p - 7*m = -1322. Calculate the remainder when 734 is divided by p.
180
Let k = 8792 - 8639. Calculate the remainder when k is divided by 44.
21
Suppose -2*w - 5 = -d, 2*d + 0*d + 3*w - 3 = 0. Suppose -100 = -d*r + 5*g, -5*g = -71 + 66. What is the remainder when 100 is divided by r?
30
Let w = 68 + 0. Let f = w - -12. Suppose -2*k = -2*d + 18 + 26, -4*d - 4*k + f = 0. What is the remainder when 124 is divided by d?
19
Suppose 0 = -1093*j + 1089*j + 100. What is the remainder when (324/9 + -8)*6 is divided by j?
18
Suppose 139*k = 7213 - 263. What is the remainder when k is divided by 6?
2
Let q(f) = -99*f - 32. Calculate the remainder when 347 is divided by q(-2).
15
Let f = -7189 + 7669. What is the remainder when f is divided by 48?
0
Let p(n) = 336*n - 1. What is the remainder when p(1) is divided by (-25 - -129)*18/72?
23
Let b = 290 - 151. Let s = 570 - b. Suppose -5*d + 439 = 2*o, -5*d + 0*o + s = -2*o. What is the remainder when d is divided by 44?
43
Suppose -5*i = -22 - 43. Let m(t) = -7974*t + 47846. Calculate the remainder when i is divided by m(6).
1
Suppose -2*g - 155 = -7*g - 3*i, i - 165 = -5*g. Let b(v) = -v**3 + 2*v**2 + 29*v - 28. What is the remainder when b(-6) is divided by g?
18
Suppose -14265 = -5*r - u, 4*r - u = -4*u + 11401. What is the remainder when r is divided by 65?
59
Let n be 1/((-4)/(-1)) - (-19)/4. Suppose n*y + 39 = -216. Let c = y - -71. Calculate the remainder when c is divided by 16.
4
Let m be (2 - (-548)/(-24)) + (-1)/6. What is the remainder when 83 is divided by (-16 - m/(-3))*-1?
14
Let z(u) = 44*u + 1710. What is the remainder when z(77) is divided by 30?
28
Let w(z) = -z**3 + 10*z**2 - 9*z - 2. What is the remainder when w(8) is divided by 2768/(-144) + 19 - (0 + (-184)/18)?
4
Suppose 0 = s - 17 - 38. Let i(h) = -645*h + 1452. What is the remainder when i(2) is divided by s?
52
Suppose -1043 = -3*c - c + 3*m, 0 = c + 5*m - 278. Suppose p = -3*q + 43, p - 3*p + 5*q = -42. Calculate the remainder when c is divided by p.
15
Let h be (80/12 - 3)/((-8)/(-984)). Calculate the remainder when 498 is divided by (14 + h/(-44))*80/6.
48
Let t(w) = w**2 + 14*w + 6. Let p be t(-29). Let c = p + -394. What is the remainder when c is divided by 12?
11
Suppose -201348 = -88*t + 20*t. Calculate the remainder when t is divided by 3.
0
Calculate the remainder when 14687 is divided by ((-130)/7 + -2)/((-3)/21).
143
Suppose -44*p + 75 = -19*p. Suppose 3*n - 4*n = p*s - 58, -86 = -n + 4*s. Calculate the remainder when n is divided by 11.
4
Let t(p) = p**2 + 174*p - 1639. What is the remainder when 773 is divided by t(9)?
5
What is the remainder when 398 is divided by (0/(0 + -2) + 2)*(-6363)/(-126)?
95
Let m = 480 - 476. Suppose 3*q = 4*y - 30, 4*q - 53 = -m*y - y. Suppose 3*x - 229 = 2*g, 5*g = -x + 3*g + 87. What is the remainder when x is divided by y?
7
Let i = 21347 + -21308. Calculate the remainder when 3384 is divided by i.
30
Let f be 18/(-2)*(-9 - -5). Let r = 33 - f. What is the remainder when 2 is divided by -4*r/(-12)*-2?
0
Let a(k) be the second derivative of -17/2*k**2 + 2/3*k**3 - 1/20*k**5 - 3*k + 0 + 2/3*k**4. Calculate the remainder when a(8) is divided by 5.
0
Let p(t) = -2*t**2 + 3*t + 2. Let w be p(-2). Let v = 92 + w. Suppose -6*r + v = -2*r. What is the remainder when 56 is divided by r?
16
Calculate the remainder when 6077 is divided by (-31 - -11)/(4/(-38)).
187
What is the remainder when (9/27)/(36/32616) is divided by (-4)/6 - 100/(-6)?
14
Let s(l) = -4*l**2 + 1471*l - 2 - 1437*l + 2*l**2 - 8. Calculate the remainder when 110 is divided by s(15).
10
Suppose -6*x + 785 = -115. What is the remainder when 289 is divided by x?
139
Let j(d) = d + 38. Suppose 2*p + 0*p = 3*o + 67, -o - 11 = 5*p. Calculate the remainder when 164 is divided by j(o).
11
Suppose 0 = 3*x + 169*h - 167*h - 289, 4*x + 2*h - 384 = 0. Suppose -5*z + 121 = -39. What is the remainder when x is divided by z?
31
Let o be -7*(40/(-14) - -2). Suppose o*t = -663 + 1095. What is the remainder when 282 is divided by t?
66
Suppose -z - z = 5*w - 52, 3*z + 47 = 5*w. What is the remainder when 467 is divided by w?
7
Let u = 47 + -45. Suppose 40 + u = -2*w. What is the remainder when (3 - (33/(-9))/(-1))*w is divided by 4?
2
Let k(s) = s**3 + 23*s**2 - s. Let m be k(-18). Suppose -13*p = -19*p + m. Calculate the remainder when p is divided by 55.
53
Let y be (1 - (1 - 0)) + -5. Let p = -86466 + 86562. Calculate the remainder when p is divided by 1*(-10)/2*y.
21
Suppose 695 = 2*l + 3*l - 5*v, -4*v - 127 = -l. Let d(x) = 19*x - 47. Let g be (12/14)/((-9)/(-42)). What is the remainder when l is divided by d(g)?
27
Let f(a) = 70*a - 26. Let y be f(5). Suppose 9*o + y = 36*o. What is the remainder when 81 is divided by o?
9
Let b(m) = 2*m**3 + 20*m**2 - 68*m - 630. Calculate the remainder when 3898 is divided by b(-10).
48
Let w be -90*(-1 + 0 + (-42)/(-30)). Let a = w - -54. Suppose 13*m -